5)/((-1)/5). Suppose 0 + 10 = 5*y. Suppose -18 = -y*r - a*c + 4, -3*c = -r + 2. Is r a multiple of 7?
False
Let c = -21 + 36. Is c a multiple of 5?
True
Suppose 3*z + f - 511 = 369, 0 = 2*f + 10. Does 59 divide z?
True
Let q = 42 - 30. Suppose -5*j + 3*n = -104, -j - 5*n = -2*j + q. Suppose 0 = i + h - 20, 0 = -5*i - 4*h + 121 - j. Is i a multiple of 19?
True
Let m be (2 - 2)*(-4)/4. Suppose -2*i + 42 + 10 = m. Is i a multiple of 26?
True
Let l be (9/(-2))/3*-12. Let a = l - -4. Is 11 a factor of a?
True
Let l be 3*7 - -1 - 2. Suppose -2*p - 3*q - 51 = 0, 5*q - 67 + l = 4*p. Let u = p + 31. Is u a multiple of 13?
True
Let s be 106/(15/9 - 1). Suppose 4*m - 4 = 8. Suppose 89 = m*a + 4*g - 32, -4*g = -5*a + s. Does 12 divide a?
False
Let i be (-22)/8 + 3/(-12). Let k be i*(-14)/12*2. Suppose -49 + k = -3*n. Does 9 divide n?
False
Is 28 a factor of ((-183)/(-3))/((3/1)/3)?
False
Let v(w) = -w**2 + 11*w - 15. Does 7 divide v(8)?
False
Suppose 5*d + r - 21 = 0, -r = 2*d - 6 - 3. Let h = -83 + 176. Suppose -d*a + a = -h. Is a a multiple of 15?
False
Suppose 5*m = -4*j - 1, -4*j + 8*j = 3*m - 25. Is 21 a factor of (m - 2)/((-2)/(-42))?
True
Suppose 2*a - 3 = 4*l - 69, -54 = -3*l - 3*a. Suppose 2*x = x + l. Suppose -5*c + 112 - x = 0. Is c a multiple of 10?
False
Suppose -5*r + 15 = -0*r. Suppose -2*v - 2*f - 4 = 0, 0*v + v + r*f = -10. Suppose -25 = -v*b + 15. Is 10 a factor of b?
True
Let v be (-2 - -12)*2/5. Suppose -a + 5*f = -32, -v*a + 9 = -2*a + f. Suppose -q + i + 21 = a, -2*q + 38 = 3*i. Is 16 a factor of q?
True
Let k(g) = -10*g + 153. Is k(0) a multiple of 17?
True
Let g(t) = -3*t + 1. Let a(y) = -y**3 + 5*y**2 - 5*y + 2. Let l be a(4). Is 5 a factor of g(l)?
False
Let k(f) be the first derivative of -f**3/3 + 15*f**2/2 - 4*f + 5. Is k(11) a multiple of 10?
True
Let k(v) = 4*v - 64. Is 24 a factor of k(22)?
True
Suppose -3 = -2*p + 3. Suppose -10 = -p*i - c + 2*c, 2*i - 10 = 4*c. Suppose -46 - 11 = -i*v. Is 7 a factor of v?
False
Suppose 0 = 2*r, 5*b - r = 2*r - 30. Is 13 a factor of 126/4 + (-9)/b?
False
Suppose 155 = q + 4*q. Let l = -18 + q. Is 13 a factor of l?
True
Let h(j) = -j**3 - 4*j**2 + 2*j - 1. Suppose 19 = 3*y + 7. Suppose -2*o = 3*i + 5, y*i - 3 = 5*o - 48. Is h(i) a multiple of 14?
True
Let p = -17 + 144. Does 21 divide p?
False
Does 5 divide 2/12 - (1076/(-24) - -3)?
False
Suppose 8*c - 5 = 51. Does 5 divide c?
False
Suppose y - 76 = 4*u + 30, 10 = -5*y. Let d = -13 - u. Is 7 a factor of d?
True
Let s(r) = -r**2 + 5*r + 2. Let h be s(7). Let m be 9/12 - (-441)/h. Let w = -21 - m. Is 7 a factor of w?
False
Let p(f) = -f**3 + f**2 + f - 2. Let j be p(2). Is 14 a factor of (-50)/j*2*1?
False
Let p = 66 + -28. Suppose -p = -0*a - a. Does 19 divide a?
True
Suppose -4*w - 13 = h - 0, -w - 7 = -h. Suppose j + 0*j = -h*g + 12, -j = g - 8. Does 3 divide j?
True
Let s = -5 + 29. Is s a multiple of 12?
True
Let w = -56 - -34. Does 5 divide (-11)/w + (-19)/(-2)?
True
Suppose 2*m = 3*m - 99. Is 11 a factor of m?
True
Let l(a) = 29*a**2 - 1. Let y be (-1 - 1)/(-2)*-1. Is l(y) a multiple of 8?
False
Let j(w) = w - 4. Let a be j(6). Suppose 0 = -4*x + 2 + 10. Suppose -x*i - a*i + 130 = 0. Is 18 a factor of i?
False
Let s(m) = 3*m - 9. Let r(l) = l - 5. Let j(v) = -9*r(v) + 4*s(v). Is j(4) a multiple of 21?
True
Let r(i) = -i**3 - 14*i**2 + 15*i + 29. Is r(-15) a multiple of 29?
True
Let g = -6 - -7. Let v = 2 + g. Suppose 6*j - v*j - 27 = 0. Is j a multiple of 4?
False
Let l = 14 + -2. Is l a multiple of 12?
True
Let r = 7 - 4. Suppose 3*w = w + 8. Does 8 divide (5 + r)/(2/w)?
True
Let d(b) = b**3 + 8*b**2 - 12*b + 5. Does 26 divide d(-9)?
False
Let z(c) = 3*c**3 - 4*c**2 + c. Is 12 a factor of z(3)?
True
Let b = -16 - -40. Is b a multiple of 8?
True
Let y be ((-8)/(-10))/(3/15). Let l(c) = c**2 - 4*c + 6. Does 4 divide l(y)?
False
Let b = 50 + -40. Is 6 a factor of b?
False
Let f(k) = 2*k**2 + k - 7. Is f(-4) a multiple of 21?
True
Let j = -24 + -1. Let w = -8 - 1. Let m = w - j. Does 9 divide m?
False
Is 7 a factor of 41 - (-4 + (0 - -3))?
True
Let l(g) be the third derivative of 2*g**5/15 + g**4/12 + g**3/6 + 2*g**2. Let p be l(-1). Suppose p = -a + 31. Is 12 a factor of a?
True
Let s = -13 - 6. Let d = 44 + s. Does 17 divide d?
False
Let v = -19 + 35. Is v a multiple of 3?
False
Let z = 1 - 5. Is 4 a factor of ((-9)/z)/(21/112)?
True
Suppose 245 = 6*z + 65. Is 5 a factor of z?
True
Let t(m) = -m**3 - m + 21. Let q be t(0). Suppose -4*o + 23 = -q. Is 11 a factor of o?
True
Suppose 4*z - z = 84. Does 9 divide z?
False
Let l(v) = v**2 + 2*v + 4. Let y be l(-2). Suppose 5*n = y*b + 509, -2*n + b + 2*b = -198. Is 29 a factor of n?
False
Let x(u) be the second derivative of u**6/90 - u**5/30 - u**4/6 - u. Let t(g) be the third derivative of x(g). Is t(3) a multiple of 10?
True
Let v(b) = -2*b**2 - 7*b - 6. Let h be v(-10). Let x = 5 - 3. Is (h/6)/x*-3 a multiple of 15?
False
Let w be (-2)/(-5) - 83/(-5). Let b = 9 + 1. Let o = w - b. Is o a multiple of 5?
False
Suppose -4*f = -3*k - 3*f - 17, -4*f = 4. Is 104/k*(2 + -5) a multiple of 20?
False
Let u = 18 + -26. Does 10 divide (-410)/(-14) + u/28?
False
Suppose 6*n - 7*n = -315. Does 9 divide n?
True
Let y be ((-4)/(-6))/((-4)/(-18)). Suppose 0 = -y*p + 85 + 104. Is 4 a factor of p/(-6)*(-4)/6?
False
Let o = 5 - -39. Let u = -20 + o. Is u a multiple of 12?
True
Let n = 0 - -2. Suppose 3*a + a - 2*l - 34 = 0, n*a + 2*l = 2. Is a a multiple of 6?
True
Let j be (45/6)/5*2. Suppose 0*r - j*r - 6 = 0. Let o(g) = -10*g - 3. Is o(r) a multiple of 10?
False
Is ((-3)/6)/(1/(-72)) a multiple of 8?
False
Suppose 2*h - h - 7 = 0. Let b = 7 - h. Suppose -2*s + f = -10 - 5, b = -s - f + 3. Is 6 a factor of s?
True
Suppose -4*u + u = -30. Suppose d - 33 = u. Is d a multiple of 11?
False
Suppose -8 = -3*b + 10. Let j be 4/b*(-9)/(-3). Suppose k = -j*k + 6. Is k a multiple of 2?
True
Suppose -2*b - 141 = -1107. Suppose -2*v + 646 = 5*r, -3*r - 91 = -v - b. Suppose -3*g - 2*g = -r. Is 13 a factor of g?
True
Let l(a) = -a**3 + 3*a**2 + a - 1. Suppose 4*k + 0*k - 8 = 0. Let c be l(k). Suppose 5*p - 70 = c*v, -3*p = -5*p + 4*v + 34. Is p a multiple of 5?
False
Let w = 23 + 94. Suppose -2*s + 23 + w = 4*k, 2*k - 70 = 3*s. Does 18 divide k?
False
Let c = -37 + 57. Suppose 0 = -4*l + c - 0. Suppose -2*h + l = -5*x, h - 7 = x - 0. Is h a multiple of 10?
True
Suppose 52 + 116 = 4*s. Suppose 4*l - 14 = r, -18 = -2*r - 5*l + 6. Suppose -r*y + 102 = s. Is 12 a factor of y?
False
Suppose -4*p + i - 11 = 0, 13 = p - 6*p + i. Let h(k) be the second derivative of k**4/12 + k**2 + 12*k. Is 3 a factor of h(p)?
True
Let j be (-3)/(2*(-6)/8). Suppose -j*p = 2*p - 16. Suppose u - p*c = -2*u + 106, -2*c = -2*u + 70. Does 15 divide u?
False
Let h be 21/(-3) + 2/1. Let o(w) = -w**3 - 2*w**2 + 9*w - 3. Let l(v) = v**3 + v**2 - 10*v + 3. Let t(x) = -3*l(x) - 4*o(x). Does 12 divide t(h)?
False
Let u = 39 - 23. Does 16 divide u?
True
Suppose 2*p = -3*k - 2, 4*k = -9 - 7. Suppose 0 = 5*u + 2*d - 222, u - d - 48 = -p*d. Does 12 divide u?
False
Suppose 4*m = 5*g + 140, -2*g + 0*g - 56 = m. Is 7/(g/(-64)) + -2 a multiple of 14?
True
Let b(n) = n**2 + 6*n + 2. Let w be b(-6). Suppose -4*g - 32 = -2*p, w*p - 7 - 13 = -2*g. Is 7 a factor of p?
False
Let b be 114/18*6/2. Suppose -5*v = w - b, -2*w + 2*v = v - 49. Does 10 divide w?
False
Suppose -4*v - 19 = -r + 19, -3*v - 37 = -5*r. Let k(j) = j**3 + 10*j**2 + 10*j + 6. Let y be k(v). Does 12 divide (-6)/(1*y/6)?
True
Let f = 7 + -4. Suppose -z + 12 = f*z, h + z - 17 = 0. Is h a multiple of 9?
False
Suppose -4*z + 764 = -2*y + 148, -3*y = 12. Does 38 divide z?
True
Is (5 - -6) + (0 - 1) a multiple of 4?
False
Let a be 0 - (2 - 3 - 2). Suppose w + a*d = -0*d + 36, 0 = -5*w + d + 164. Is w a multiple of 11?
True
Is 20 a factor of (40/(-6))/((-2)/12)?
True
Let w(t) = -t - 6. Let u be w(-6). Suppose -3*q + 84 = -u*q. Is q a multiple of 14?
True
Suppose 3 = -z + 8. Suppose -2*c + z*c = 18. Is 3 a factor of c?
True
Suppose -2*k + 6*k = 24. Let m = k - 4. Suppose -m*j + 5*j = 72. Is j a multiple of 9?
False
Suppose 5*t = -1 + 161. Is t a multiple of 3?
False
Let x(a) = -a**3 - a**2 - a - 1. Let s be x(-1). Let u(b) = 4 - 2*b + 14 + 4*b - 3*b. Does 6 divide u(s)?
True
Suppose m + 4*m - 20 = 0. Let 